{"id":28,"date":"2025-04-07T19:55:27","date_gmt":"2025-04-07T17:55:27","guid":{"rendered":"https:\/\/kacperkosciolek.pl\/?page_id=28"},"modified":"2025-08-09T14:38:54","modified_gmt":"2025-08-09T12:38:54","slug":"informacje","status":"publish","type":"page","link":"https:\/\/kacperkosciolek.pl\/?page_id=28","title":{"rendered":"Informacje"},"content":{"rendered":"\n<div class=\"wp-block-cover alignfull\" style=\"min-height:100vh;aspect-ratio:unset;\"><img loading=\"lazy\" decoding=\"async\" width=\"1024\" height=\"576\" class=\"wp-block-cover__image-background wp-image-89 size-large\" alt=\"\" src=\"https:\/\/kacperkosciolek.pl\/wp-content\/uploads\/2025\/04\/Glowna_tlo-1024x576.png\" data-object-fit=\"cover\" srcset=\"https:\/\/kacperkosciolek.pl\/wp-content\/uploads\/2025\/04\/Glowna_tlo-1024x576.png 1024w, https:\/\/kacperkosciolek.pl\/wp-content\/uploads\/2025\/04\/Glowna_tlo-300x169.png 300w, https:\/\/kacperkosciolek.pl\/wp-content\/uploads\/2025\/04\/Glowna_tlo-768x432.png 768w, https:\/\/kacperkosciolek.pl\/wp-content\/uploads\/2025\/04\/Glowna_tlo-1536x864.png 1536w, https:\/\/kacperkosciolek.pl\/wp-content\/uploads\/2025\/04\/Glowna_tlo.png 1920w\" sizes=\"auto, (max-width: 1024px) 100vw, 1024px\" \/><span aria-hidden=\"true\" class=\"wp-block-cover__background has-nv-dark-bg-background-color has-background-dim\"><\/span><div class=\"wp-block-cover__inner-container is-layout-flow wp-block-cover-is-layout-flow\">\n<div class=\"wp-block-group\"><div class=\"wp-block-group__inner-container is-layout-flow wp-block-group-is-layout-flow\">\n<div class=\"wp-block-columns alignwide are-vertically-aligned-center is-layout-flex wp-container-core-columns-is-layout-9d6595d7 wp-block-columns-is-layout-flex\">\n<div class=\"wp-block-column is-vertically-aligned-center is-layout-flow wp-block-column-is-layout-flow\" style=\"padding-right:var(--wp--preset--spacing--30);padding-left:var(--wp--preset--spacing--30);flex-basis:65%\">\n<h2 class=\"wp-block-heading has-nv-text-dark-bg-color has-text-color\">Cze\u015b\u0107!<\/h2>\n\n\n\n<p class=\"has-nv-text-dark-bg-color has-text-color\">Nazywam si\u0119 <strong>Kacper Ko\u015bci\u00f3\u0142ek<\/strong> i jestem <strong>projektantem graficznym<\/strong>, kt\u00f3ry wspiera firmy i freelancer\u00f3w w ca\u0142ej Polsce. Od kilku lat tworz\u0119 <strong>grafik\u0119 do druku i internetu<\/strong>, dopasowan\u0105 do potrzeb biznesu i cel\u00f3w marketingowych klient\u00f3w.<\/p>\n\n\n\n<p>Projektuj\u0119 m.in. <strong>ulotki, plakaty, banery, katalogi, grafiki do social medi\u00f3w, billboardy czy oklejenia pojazd\u00f3w<\/strong> \u2014 w r\u00f3\u017cnych stylach, od minimalistycznych po bardziej artystyczne. \u0141\u0105cz\u0119 estetyk\u0119 z funkcjonalno\u015bci\u0105, zawsze my\u015bl\u0105c o tym, jak grafika ma wspiera\u0107 komunikacj\u0119 i sprzeda\u017c.<\/p>\n\n\n\n<p>Specjalizuj\u0119 si\u0119 w <strong>kompleksowych realizacjach graficznych<\/strong>, takich jak zestawy: <strong>baner + posty do social media + materia\u0142y drukowane<\/strong>. Dzi\u0119ki temu moi klienci oszcz\u0119dzaj\u0105 czas i maj\u0105 sp\u00f3jn\u0105 identyfikacj\u0119 wizualn\u0105.<\/p>\n\n\n\n<p>W pracy ceni\u0119 <strong>strategiczne podej\u015bcie, dobr\u0105 komunikacj\u0119 i terminowo\u015b\u0107<\/strong>. Projektuj\u0119 z my\u015bl\u0105 o skuteczno\u015bci, a nie tylko \u0142adnym wygl\u0105dzie.<\/p>\n\n\n\n<p>Je\u017celi szukasz grafika, kt\u00f3ry zadba o <strong>sp\u00f3jno\u015b\u0107 wizualn\u0105 Twojej marki<\/strong>, zapraszam do kontaktu.<\/p>\n\n\n\n<div class=\"wp-block-buttons has-custom-font-size has-small-font-size is-content-justification-left is-layout-flex wp-container-core-buttons-is-layout-fdcfc74e wp-block-buttons-is-layout-flex\">\n<div class=\"wp-block-button is-style-primary\"><a class=\"wp-block-button__link has-nv-text-dark-bg-color has-nv-c-1-background-color has-text-color has-background has-link-color wp-element-button\" href=\"https:\/\/kacperkosciolek.pl\/?page_id=29\">Skontaktuj si\u0119 ju\u017c dzi\u015b!<\/a><\/div>\n<\/div>\n\n\n\n<div style=\"height:20px\" aria-hidden=\"true\" class=\"wp-block-spacer\"><\/div>\n<\/div>\n\n\n\n<div class=\"wp-block-column is-vertically-aligned-center is-layout-flow wp-block-column-is-layout-flow\" style=\"padding-right:var(--wp--preset--spacing--30);padding-left:var(--wp--preset--spacing--30);flex-basis:50%\">\n<figure class=\"wp-block-image size-full has-custom-border\"><img loading=\"lazy\" decoding=\"async\" width=\"1200\" height=\"1200\" src=\"https:\/\/kacperkosciolek.pl\/wp-content\/uploads\/2025\/05\/Twarz-strony_v6.png\" alt=\"\" class=\"wp-image-759\" style=\"border-radius:16px\" srcset=\"https:\/\/kacperkosciolek.pl\/wp-content\/uploads\/2025\/05\/Twarz-strony_v6.png 1200w, https:\/\/kacperkosciolek.pl\/wp-content\/uploads\/2025\/05\/Twarz-strony_v6-300x300.png 300w, https:\/\/kacperkosciolek.pl\/wp-content\/uploads\/2025\/05\/Twarz-strony_v6-1024x1024.png 1024w, https:\/\/kacperkosciolek.pl\/wp-content\/uploads\/2025\/05\/Twarz-strony_v6-150x150.png 150w, https:\/\/kacperkosciolek.pl\/wp-content\/uploads\/2025\/05\/Twarz-strony_v6-768x768.png 768w\" sizes=\"auto, (max-width: 1200px) 100vw, 1200px\" \/><\/figure>\n<\/div>\n<\/div>\n<\/div><\/div>\n<\/div><\/div>\n\n\n\n<div class=\"wp-block-columns alignfull has-neve-link-color-background-color has-background is-layout-flex wp-container-core-columns-is-layout-62db62f3 wp-block-columns-is-layout-flex\" style=\"padding-top:0;padding-bottom:0\">\n<div class=\"wp-block-column is-vertically-aligned-top is-layout-flow wp-block-column-is-layout-flow\">\n<div style=\"height:40px\" aria-hidden=\"true\" class=\"wp-block-spacer\"><\/div>\n\n\n\n<div class=\"wp-block-columns alignwide is-layout-flex wp-container-core-columns-is-layout-9d6595d7 wp-block-columns-is-layout-flex\">\n<div class=\"wp-block-column is-layout-flow wp-block-column-is-layout-flow\">\n<h2 class=\"wp-block-heading has-text-align-center\">Projekty dla znanych marek i firm<\/h2>\n\n\n\n<p class=\"has-text-align-center\">Mia\u0142em okazj\u0119 realizowa\u0107 <strong>projekty graficzne dla znanych polskich marek i firm<\/strong> \u2014 zar\u00f3wno jako pracownik agencji i du\u017cych przedsi\u0119biorstw, jak i w ramach w\u0142asnej dzia\u0142alno\u015bci. Dzi\u015b oferuj\u0119 swoje wsparcie r\u00f3wnie\u017c <strong>ma\u0142ym firmom, startupom i klientom indywidualnym<\/strong>.<\/p>\n<\/div>\n<\/div>\n\n\n\n<div id=\"wp-block-themeisle-blocks-slider-c890760b\" class=\"wp-block-themeisle-blocks-slider alignwide glide\" data-per-view=\"6\" data-gap=\"5\" data-peek=\"0\" data-autoplay=\"4000\" data-height=\"160px\" data-hide-arrows=\"true\" data-transition=\"linear\"><div class=\"glide__track\" data-glide-el=\"track\"><div class=\"glide__slides\"><div class=\"wp-block-themeisle-blocks-slider-item-wrapper glide__slide\" tabindex=\"0\"><figure><img decoding=\"async\" class=\"wp-block-themeisle-blocks-slider-item\" src=\"https:\/\/kacperkosciolek.pl\/wp-content\/uploads\/2025\/08\/Logo-wspolprac-10-1.jpg\" alt=\"\" title=\"\" data-id=\"931\"\/><\/figure><\/div><div class=\"wp-block-themeisle-blocks-slider-item-wrapper glide__slide\" tabindex=\"0\"><figure><img decoding=\"async\" class=\"wp-block-themeisle-blocks-slider-item\" src=\"https:\/\/kacperkosciolek.pl\/wp-content\/uploads\/2025\/08\/Logo-wspolprac-26-1.jpg\" alt=\"\" title=\"\" data-id=\"948\"\/><\/figure><\/div><div class=\"wp-block-themeisle-blocks-slider-item-wrapper glide__slide\" tabindex=\"0\"><figure><img decoding=\"async\" class=\"wp-block-themeisle-blocks-slider-item\" src=\"https:\/\/kacperkosciolek.pl\/wp-content\/uploads\/2025\/08\/Logo-wspolprac-27-1.jpg\" alt=\"\" title=\"\" data-id=\"949\"\/><\/figure><\/div><div class=\"wp-block-themeisle-blocks-slider-item-wrapper glide__slide\" tabindex=\"0\"><figure><img decoding=\"async\" class=\"wp-block-themeisle-blocks-slider-item\" src=\"https:\/\/kacperkosciolek.pl\/wp-content\/uploads\/2025\/08\/Logo-wspolprac-28-1.jpg\" alt=\"\" title=\"\" data-id=\"950\"\/><\/figure><\/div><div class=\"wp-block-themeisle-blocks-slider-item-wrapper glide__slide\" tabindex=\"0\"><figure><img decoding=\"async\" class=\"wp-block-themeisle-blocks-slider-item\" src=\"https:\/\/kacperkosciolek.pl\/wp-content\/uploads\/2025\/08\/Logo-wspolprac-14-1.jpg\" alt=\"\" title=\"\" data-id=\"935\"\/><\/figure><\/div><div class=\"wp-block-themeisle-blocks-slider-item-wrapper glide__slide\" tabindex=\"0\"><figure><img decoding=\"async\" class=\"wp-block-themeisle-blocks-slider-item\" src=\"https:\/\/kacperkosciolek.pl\/wp-content\/uploads\/2025\/08\/Logo-wspolprac-21-1.jpg\" alt=\"\" title=\"\" data-id=\"943\"\/><\/figure><\/div><div class=\"wp-block-themeisle-blocks-slider-item-wrapper glide__slide\" tabindex=\"0\"><figure><img decoding=\"async\" class=\"wp-block-themeisle-blocks-slider-item\" src=\"https:\/\/kacperkosciolek.pl\/wp-content\/uploads\/2025\/08\/Logo-wspolprac-12-1.jpg\" alt=\"\" title=\"\" data-id=\"933\"\/><\/figure><\/div><div class=\"wp-block-themeisle-blocks-slider-item-wrapper glide__slide\" tabindex=\"0\"><figure><img decoding=\"async\" class=\"wp-block-themeisle-blocks-slider-item\" src=\"https:\/\/kacperkosciolek.pl\/wp-content\/uploads\/2025\/08\/Logo-wspolprac-11-1.jpg\" alt=\"\" title=\"\" data-id=\"932\"\/><\/figure><\/div><div class=\"wp-block-themeisle-blocks-slider-item-wrapper glide__slide\" tabindex=\"0\"><figure><img decoding=\"async\" class=\"wp-block-themeisle-blocks-slider-item\" src=\"https:\/\/kacperkosciolek.pl\/wp-content\/uploads\/2025\/08\/Logo-wspolprac-29-1.jpg\" alt=\"\" title=\"\" data-id=\"951\"\/><\/figure><\/div><div class=\"wp-block-themeisle-blocks-slider-item-wrapper glide__slide\" tabindex=\"0\"><figure><img decoding=\"async\" class=\"wp-block-themeisle-blocks-slider-item\" src=\"https:\/\/kacperkosciolek.pl\/wp-content\/uploads\/2025\/08\/Logo-wspolprac-13-1.jpg\" alt=\"\" title=\"\" data-id=\"934\"\/><\/figure><\/div><div class=\"wp-block-themeisle-blocks-slider-item-wrapper glide__slide\" tabindex=\"0\"><figure><img decoding=\"async\" class=\"wp-block-themeisle-blocks-slider-item\" src=\"https:\/\/kacperkosciolek.pl\/wp-content\/uploads\/2025\/08\/Logo-wspolprac-15-1.jpg\" alt=\"\" title=\"\" data-id=\"936\"\/><\/figure><\/div><div class=\"wp-block-themeisle-blocks-slider-item-wrapper glide__slide\" tabindex=\"0\"><figure><img decoding=\"async\" class=\"wp-block-themeisle-blocks-slider-item\" src=\"https:\/\/kacperkosciolek.pl\/wp-content\/uploads\/2025\/08\/Logo-wspolprac-25-1.jpg\" alt=\"\" title=\"\" data-id=\"947\"\/><\/figure><\/div><div class=\"wp-block-themeisle-blocks-slider-item-wrapper glide__slide\" tabindex=\"0\"><figure><img decoding=\"async\" class=\"wp-block-themeisle-blocks-slider-item\" src=\"https:\/\/kacperkosciolek.pl\/wp-content\/uploads\/2025\/08\/Logo-wspolprac-20-1.jpg\" alt=\"\" title=\"\" data-id=\"942\"\/><\/figure><\/div><div class=\"wp-block-themeisle-blocks-slider-item-wrapper glide__slide\" tabindex=\"0\"><figure><img decoding=\"async\" class=\"wp-block-themeisle-blocks-slider-item\" src=\"https:\/\/kacperkosciolek.pl\/wp-content\/uploads\/2025\/08\/Logo-wspolprac-23-1.jpg\" alt=\"\" title=\"\" data-id=\"945\"\/><\/figure><\/div><div class=\"wp-block-themeisle-blocks-slider-item-wrapper glide__slide\" tabindex=\"0\"><figure><img decoding=\"async\" class=\"wp-block-themeisle-blocks-slider-item\" src=\"https:\/\/kacperkosciolek.pl\/wp-content\/uploads\/2025\/08\/Logo-wspolprac-24-1.jpg\" alt=\"\" title=\"\" data-id=\"946\"\/><\/figure><\/div><div class=\"wp-block-themeisle-blocks-slider-item-wrapper glide__slide\" tabindex=\"0\"><figure><img decoding=\"async\" class=\"wp-block-themeisle-blocks-slider-item\" src=\"https:\/\/kacperkosciolek.pl\/wp-content\/uploads\/2025\/08\/Logo-wspolprac-22-1.jpg\" alt=\"\" title=\"\" data-id=\"944\"\/><\/figure><\/div><div class=\"wp-block-themeisle-blocks-slider-item-wrapper glide__slide\" tabindex=\"0\"><figure><img decoding=\"async\" class=\"wp-block-themeisle-blocks-slider-item\" src=\"https:\/\/kacperkosciolek.pl\/wp-content\/uploads\/2025\/08\/Logo-wspolprac-18-1.jpg\" alt=\"\" title=\"\" data-id=\"940\"\/><\/figure><\/div><div class=\"wp-block-themeisle-blocks-slider-item-wrapper glide__slide\" tabindex=\"0\"><figure><img decoding=\"async\" class=\"wp-block-themeisle-blocks-slider-item\" src=\"https:\/\/kacperkosciolek.pl\/wp-content\/uploads\/2025\/08\/Logo-wspolprac-17-1.jpg\" alt=\"\" title=\"\" data-id=\"938\"\/><\/figure><\/div><div class=\"wp-block-themeisle-blocks-slider-item-wrapper glide__slide\" tabindex=\"0\"><figure><img decoding=\"async\" class=\"wp-block-themeisle-blocks-slider-item\" src=\"https:\/\/kacperkosciolek.pl\/wp-content\/uploads\/2025\/08\/Logo-wspolprac-19-1.jpg\" alt=\"\" title=\"\" data-id=\"941\"\/><\/figure><\/div><div class=\"wp-block-themeisle-blocks-slider-item-wrapper glide__slide\" tabindex=\"0\"><figure><img decoding=\"async\" class=\"wp-block-themeisle-blocks-slider-item\" src=\"https:\/\/kacperkosciolek.pl\/wp-content\/uploads\/2025\/08\/Logo-wspolprac-16-1.jpg\" alt=\"\" title=\"\" data-id=\"937\"\/><\/figure><\/div><\/div><\/div><\/div>\n\n\n\n<div style=\"height:40px\" aria-hidden=\"true\" class=\"wp-block-spacer\"><\/div>\n<\/div>\n<\/div>\n","protected":false},"excerpt":{"rendered":"<p>Projekty dla znanych marek i firm Mia\u0142em okazj\u0119 realizowa\u0107 projekty graficzne dla znanych polskich marek i firm \u2014 zar\u00f3wno jako pracownik agencji i du\u017cych przedsi\u0119biorstw, jak i w ramach w\u0142asnej dzia\u0142alno\u015bci. Dzi\u015b oferuj\u0119 swoje wsparcie r\u00f3wnie\u017c ma\u0142ym firmom, startupom i klientom indywidualnym.<\/p>\n","protected":false},"author":2,"featured_media":0,"parent":0,"menu_order":0,"comment_status":"closed","ping_status":"closed","template":"","meta":{"neve_meta_sidebar":"","neve_meta_container":"","neve_meta_enable_content_width":"on","neve_meta_content_width":100,"neve_meta_title_alignment":"","neve_meta_author_avatar":"","neve_post_elements_order":"","neve_meta_disable_header":"","neve_meta_disable_footer":"on","neve_meta_disable_title":"on","_themeisle_gutenberg_block_has_review":false,"footnotes":""},"class_list":["post-28","page","type-page","status-publish","hentry"],"_links":{"self":[{"href":"https:\/\/kacperkosciolek.pl\/index.php?rest_route=\/wp\/v2\/pages\/28","targetHints":{"allow":["GET"]}}],"collection":[{"href":"https:\/\/kacperkosciolek.pl\/index.php?rest_route=\/wp\/v2\/pages"}],"about":[{"href":"https:\/\/kacperkosciolek.pl\/index.php?rest_route=\/wp\/v2\/types\/page"}],"author":[{"embeddable":true,"href":"https:\/\/kacperkosciolek.pl\/index.php?rest_route=\/wp\/v2\/users\/2"}],"replies":[{"embeddable":true,"href":"https:\/\/kacperkosciolek.pl\/index.php?rest_route=%2Fwp%2Fv2%2Fcomments&post=28"}],"version-history":[{"count":0,"href":"https:\/\/kacperkosciolek.pl\/index.php?rest_route=\/wp\/v2\/pages\/28\/revisions"}],"wp:attachment":[{"href":"https:\/\/kacperkosciolek.pl\/index.php?rest_route=%2Fwp%2Fv2%2Fmedia&parent=28"}],"curies":[{"name":"wp","href":"https:\/\/api.w.org\/{rel}","templated":true}]}}